7669
What are the prime factors of 204324908?
2, 4423, 11549
What are the prime factors of 29198301?
3, 11, 179, 4943
List the prime factors of 49277853.
3, 457, 11981
What are the prime factors of 25757584?
2, 17, 281, 337
What are the prime factors of 407419542?
2, 3, 41, 552059
What are the prime factors of 859937584?
2, 11, 907, 5387
What are the prime factors of 691700187?
3, 19, 638689
List the prime factors of 1453158873.
3, 157, 114269
What are the prime factors of 2941805045?
5, 588361009
What are the prime factors of 614382807?
3, 204794269
List the prime factors of 58069632.
2, 3, 97, 1559
What are the prime factors of 86648997?
3, 3373, 8563
What are the prime factors of 244977034?
2, 1907, 64231
What are the prime factors of 50237083?
13, 19, 23, 37, 239
What are the prime factors of 39817266?
2, 3, 73, 90907
What are the prime factors of 69536655?
3, 5, 1545259
What are the prime factors of 73221762?
2, 3, 12203627
What are the prime factors of 88774670?
2, 5, 79, 103, 1091
What are the prime factors of 67310318?
2, 53, 635003
What are the prime factors of 42043698?
2, 3, 109, 2381
What are the prime factors of 3785100244?
2, 97, 9755413
What are the prime factors of 54414573?
3, 23, 181, 4357
List the prime factors of 38863986.
2, 3, 7, 37, 89, 281
List the prime factors of 224850492.
2, 3, 179, 3877
List the prime factors of 180978629.
13, 19, 257, 2851
What are the prime factors of 2174444677?
2174444677
List the prime factors of 1658175696.
2, 3, 151, 76259
What are the prime factors of 58671381?
3, 37, 89, 5939
What are the prime factors of 4207626180?
2, 3, 5, 23375701
What are the prime factors of 5549482671?
3, 83, 359, 62081
What are the prime factors of 7837666871?
53, 147880507
What are the prime factors of 122460448?
2, 11, 347899
List the prime factors of 2130579.
3, 11, 21521
List the prime factors of 160581432.
2, 3, 11, 487, 1249
What are the prime factors of 2412778344?
2, 3, 100532431
List the prime factors of 536895802.
2, 17, 127, 124339
List the prime factors of 163482881.
67, 2440043
What are the prime factors of 12459498?
2, 3, 103, 20161
What are the prime factors of 23296118?
2, 41, 127, 2237
List the prime factors of 1998091915.
5, 399618383
List the prime factors of 12780989.
13, 983153
List the prime factors of 343245984.
2, 3, 293, 12203
List the prime factors of 14008434.
2, 3, 11, 19, 11171
What are the prime factors of 69851266?
2, 17, 2054449
List the prime factors of 58351953.
3, 11, 1768241
List the prime factors of 135721937.
13, 31, 307, 1097
What are the prime factors of 19027599?
3, 6342533
What are the prime factors of 9871040?
2, 5, 109, 283
List the prime factors of 169135524.
2, 3, 79, 59471
List the prime factors of 12131884.
2, 3032971
What are the prime factors of 426860197?
23, 18559139
List the prime factors of 5213977492.
2, 19, 709, 96763
List the prime factors of 1329785293.
1329785293
What are the prime factors of 105177418?
2, 52588709
List the prime factors of 108480288.
2, 3, 7, 109, 1481
What are the prime factors of 209371906?
2, 19, 787, 7001
What are the prime factors of 14183955?
3, 5, 315199
What are the prime factors of 228984744?
2, 3, 9541031
List the prime factors of 98369680.
2, 5, 37, 167, 199
List the prime factors of 1054341334.
2, 527170667
List the prime factors of 472545962.
2, 7, 33753283
List the prime factors of 1226120097.
3, 37, 11046127
What are the prime factors of 23609065?
5, 4721813
List the prime factors of 86529249.
3, 19, 168673
List the prime factors of 725649364.
2, 11, 31, 532001
What are the prime factors of 3840295?
5, 768059
List the prime factors of 2142422614.
2, 1071211307
List the prime factors of 1543677035.
5, 308735407
What are the prime factors of 11356675?
5, 11, 61, 677
What are the prime factors of 370033404?
2, 3, 13, 43, 55163
List the prime factors of 42972084.
2, 3, 29, 41161
What are the prime factors of 95417036?
2, 11, 13, 107, 1559
List the prime factors of 1330417427.
29, 277, 5711
List the prime factors of 35296845.
3, 5, 17, 97, 1427
What are the prime factors of 192121956?
2, 3, 13, 45613
What are the prime factors of 60270864?
2, 3, 43, 29201
List the prime factors of 54177967.
54177967
List the prime factors of 4913847920.
2, 5, 61423099
What are the prime factors of 417656875?
5, 491, 1361
List the prime factors of 2390649.
3, 83, 9601
What are the prime factors of 72751407?
3, 24250469
List the prime factors of 86730504.
2, 3, 7, 516253
List the prime factors of 6005976405.
3, 5, 11, 13, 2799989
List the prime factors of 42448748.
2, 10612187
List the prime factors of 15496484.
2, 661, 5861
List the prime factors of 4313855.
5, 7, 13, 19, 499
What are the prime factors of 314253315?
3, 5, 41, 170327
What are the prime factors of 2410857630?
2, 3, 5, 26787307
What are the prime factors of 1551311134?
2, 12899, 60133
What are the prime factors of 409657292?
2, 11, 9310393
List the prime factors of 199904710.
2, 5, 37, 540283
What are the prime factors of 69097409?
149, 463741
What are the prime factors of 420928952?
2, 3613, 14563
List the prime factors of 124872487.
2287, 54601
What are the prime factors of 138636279?
3, 89, 19231
What are the prime factors of 58147837?
11, 17, 53, 5867
List the prime factors of 272879345.
5, 149, 157, 2333
What are the prime factors of 402958932?
2, 3, 1223, 27457
What are the prime factors of 386694417?
3, 128898139
What are the prime factors of 218722949?
31, 823, 8573
What are the prime factors of 3007246617?
3, 334138513
List the prime factors of 2006067.
3, 7, 95527
What are the prime factors of 441590115?
3, 5, 19, 1549439
List the prime factors of 84646506.
2, 3, 7, 2015393
What are the prime factors of 3130779003?
3, 11, 94872091
List the prime factors of 3653669986.
2, 1826834993
What are the prime factors of 1244645609?
607, 2050487
List the prime factors of 4449734981.
383, 11618107
What are the prime factors of 12115549?
23, 526763
List the prime factors of 178050191.
11, 16186381
List the prime factors of 627709047.
3, 7, 29890907
List the prime factors of 2884648243.
45767, 63029
List the prime factors of 22192241.
179, 123979
List the prime factors of 1034346722.
2, 517173361
What are the prime factors of 4771883334?
2, 3, 1129, 704441
List the prime factors of 40300117.
11, 13, 23, 12253
What are the prime factors of 651176556?
2, 3, 29, 199, 9403
List the prime factors of 1065116370.
2, 3, 5, 241, 147319
List the prime factors of 932390229.
3, 310796743
What are the prime factors of 672019483?
103, 239, 27299
What are the prime factors of 109695785?
5, 251, 87407
List the prime factors of 50868194.
2, 13, 47, 41627
What are the prime factors of 52385180?
2, 5, 43, 60913
List the prime factors of 305673207.
3, 7, 53, 193, 1423
List the prime factors of 308752214.
2, 67, 89, 25889
List the prime factors of 59891165.
5, 11978233
What are the prime factors of 2395932561?
3, 11, 8067113
What are the prime factors of 40744468?
2, 439, 23203
What are the prime factors of 43693228?
2, 10923307
List the prime factors of 74614980.
2, 3, 5, 11, 131, 863
List the prime factors of 606085159.
151, 1627, 2467
List the prime factors of 3892203845.
5, 778440769
List the prime factors of 1074665112.
2, 3, 379, 118147
What are the prime factors of 14808522?
2, 3, 109, 22643
List the prime factors of 1740829846.
2, 7, 647, 192187
List the prime factors of 239185383.
3, 197, 404713
What are the prime factors of 1428650482?
2, 7, 102046463
List the prime factors of 58142236.
2, 31, 468889
List the prime factors of 2460820538.
2, 11, 6469, 17291
What are the prime factors of 7252214344?
2, 71, 103, 113, 1097
What are the prime factors of 70085591?
71, 773, 1277
List the prime factors of 127170262.
2, 877, 72503
What are the prime factors of 5424182286?
2, 3, 53, 17057177
List the prime factors of 4200083996.
2, 43, 61, 400313
What are the prime factors of 20986608?
2, 3, 409, 1069
What are the prime factors of 1635731446?
2, 37, 1439, 15361
List the prime factors of 162023706.
2, 3, 13, 443, 521
List the prime factors of 166330371.
3, 55443457
What are the prime factors of 3659662782?
2, 3, 22590511
What are the prime factors of 282780798?
2, 3, 29, 1625177
List the prime factors o